What is the highest common divisor of 2816 and 7481408?
704
Calculate the highest common divisor of 12874 and 900.
2
What is the highest common divisor of 2436 and 862866?
174
What is the greatest common factor of 1895075 and 1625?
325
Calculate the greatest common divisor of 9555 and 359940.
105
Calculate the highest common divisor of 12 and 217459038.
6
What is the greatest common divisor of 11232 and 274131?
351
Calculate the highest common divisor of 108266047 and 38.
19
What is the greatest common divisor of 3188278 and 258?
86
What is the highest common divisor of 55053 and 12861?
9
What is the highest common divisor of 715264 and 2266?
22
Calculate the greatest common factor of 1812 and 2741772.
12
Calculate the highest common factor of 12 and 990117636.
12
What is the highest common divisor of 14138080 and 468640?
4640
What is the greatest common divisor of 28609 and 3703?
7
What is the greatest common divisor of 23268 and 705724257?
5817
What is the greatest common divisor of 11152 and 5272928?
656
What is the greatest common factor of 2832188896 and 64?
32
What is the greatest common divisor of 10665 and 15585?
15
Calculate the greatest common divisor of 364 and 14896154.
182
What is the highest common factor of 264 and 77646327?
33
What is the highest common divisor of 41392230 and 134182?
5834
What is the highest common divisor of 141420 and 13875?
15
What is the greatest common factor of 182 and 22470357?
91
Calculate the greatest common factor of 344168 and 14036.
44
What is the greatest common divisor of 5404 and 8334319?
1351
What is the greatest common divisor of 1237904 and 1456?
16
Calculate the greatest common divisor of 119394 and 40095.
891
What is the greatest common factor of 6331933 and 3356?
839
What is the highest common factor of 6272750 and 840?
10
What is the greatest common divisor of 506 and 12397?
253
Calculate the highest common divisor of 2085846 and 126.
42
What is the highest common factor of 1722 and 32598116?
82
Calculate the highest common divisor of 520501 and 2911.
71
Calculate the highest common factor of 2738291130 and 270.
270
Calculate the highest common divisor of 1060 and 129940.
20
What is the highest common factor of 8946 and 539528787?
4473
Calculate the highest common divisor of 6778277 and 44.
11
What is the highest common factor of 98 and 573458662?
98
What is the greatest common factor of 2475 and 1055505?
165
What is the highest common divisor of 197055878 and 38?
38
Calculate the highest common divisor of 740 and 27187304.
148
Calculate the highest common factor of 36 and 177366.
6
Calculate the greatest common factor of 445 and 43123615.
445
What is the highest common divisor of 349251441 and 42?
21
What is the greatest common divisor of 63 and 103717773?
9
Calculate the greatest common factor of 921 and 15414777.
921
Calculate the greatest common divisor of 33333 and 2129622.
123
Calculate the highest common divisor of 1137780 and 1320.
60
Calculate the highest common divisor of 770 and 47869045.
35
Calculate the highest common divisor of 85932 and 40194.
1386
What is the greatest common factor of 224 and 17148512?
32
Calculate the greatest common divisor of 143 and 44310838.
143
What is the greatest common factor of 10598454 and 2556?
1278
Calculate the highest common divisor of 2993396 and 2982.
14
What is the highest common divisor of 196 and 90601?
49
Calculate the greatest common divisor of 683106 and 303774.
1542
What is the greatest common divisor of 4516 and 468492098?
2258
What is the highest common factor of 828727 and 8611?
109
Calculate the highest common divisor of 224 and 4054582.
14
Calculate the greatest common factor of 629306 and 2.
2
What is the highest common factor of 3650255 and 7285?
235
What is the greatest common divisor of 62 and 21031981?
31
What is the highest common factor of 425508 and 1884?
12
Calculate the greatest common factor of 10750938 and 820.
82
What is the greatest common factor of 519 and 22690853?
173
Calculate the highest common factor of 4896 and 4171752.
72
Calculate the highest common divisor of 444 and 3575421.
111
Calculate the highest common factor of 16775 and 716689.
61
Calculate the highest common factor of 334 and 142547359.
167
Calculate the highest common divisor of 49 and 8117977.
49
Calculate the highest common factor of 4718472793 and 1403.
1403
Calculate the greatest common factor of 2190 and 2642910.
30
What is the highest common divisor of 10 and 197059130?
10
Calculate the highest common factor of 31560 and 7414496.
2104
What is the highest common divisor of 58511104 and 1024?
256
Calculate the greatest common divisor of 27665 and 124520.
55
Calculate the highest common factor of 7062 and 18582.
6
Calculate the highest common factor of 75342 and 436914.
174
What is the greatest common divisor of 60647440 and 10?
10
Calculate the highest common factor of 107 and 430911684.
107
Calculate the highest common divisor of 562 and 41138681.
281
Calculate the greatest common divisor of 270600 and 8580.
660
What is the greatest common factor of 234 and 1327500?
18
What is the greatest common factor of 448632591 and 165?
33
Calculate the greatest common divisor of 225 and 1114974.
9
What is the greatest common factor of 513 and 541101?
57
Calculate the greatest common factor of 7313031 and 19602.
297
What is the highest common divisor of 378280 and 42104880?
7720
What is the highest common factor of 385 and 49623112?
77
Calculate the greatest common divisor of 748125 and 258210.
855
Calculate the greatest common factor of 148318388 and 2488.
1244
Calculate the highest common factor of 13368467 and 35.
7
What is the greatest common divisor of 4992 and 9069294?
78
Calculate the greatest common divisor of 4248 and 358129764.
2124
Calculate the greatest common factor of 2293856 and 794624.
3104
What is the highest common divisor of 4322988 and 2742?
6
Calculate the greatest common divisor of 1071165418 and 5935.
1187
What is the highest common divisor of 217 and 10220142?
31
Calculate the greatest common factor of 22 and 1285271339.
11
Calculate the greatest common divisor of 10205 and 153205.
65
Calculate the highest common divisor of 15665 and 32075654.
3133
Calculate the highest common divisor of 34 and 475553274.
34
Calculate the highest common factor of 826 and 40789.
7
What is the greatest common factor of 107704416 and 3534?
186
Calculate the highest common divisor of 4200 and 523725.
75
Calculate the greatest common divisor of 2401665326 and 172.
86
Calculate the greatest common factor of 16588 and 7436572.
572
What is the greatest common divisor of 5506390 and 50?
10
Calculate the greatest common divisor of 652675590 and 42.
42
What is the highest common factor of 114383 and 67303?
107
What is the highest common divisor of 28555087 and 187?
187
Calculate the highest common factor of 14 and 148262.
2
Calculate the greatest common divisor of 9386 and 30423978.
494
What is the greatest common factor of 84 and 2341416?
84
What is the highest common factor of 2860215 and 12302?
6151
What is the highest common divisor of 158240 and 231340?
860
What is the highest common divisor of 55042417 and 239?
239
Calculate the greatest common divisor of 17672530 and 120.
10
What is the highest common factor of 24837 and 109135239?
1461
Calculate the greatest common factor of 217002 and 3387.
3
What is the greatest common divisor of 166574 and 2813750?
4502
Calculate the greatest common divisor of 1584 and 2543832.
72
Calculate the highest common divisor of 76 and 10678323.
19
What is the highest common factor of 195636 and 1632?
204
Calculate the highest common factor of 69078 and 33321.
87
Calculate the highest common factor of 316215 and 7605.
45
Calculate the greatest common divisor of 31010993 and 1859.
169
Calculate the highest common divisor of 10 and 166499070.
10
What is the greatest common factor of 9529 and 12832631?
733
Calculate the highest common factor of 8125072 and 216.
8
What is the highest common factor of 2862870 and 1515?
15
Calculate the highest common divisor of 3486 and 19280983.
83
Calculate the greatest common factor of 23332500 and 53924.
4148
Calculate the greatest common divisor of 1029864 and 3728604.
6204
Calcula